 of 222887393?
False
Is 1910170 even?
True
Is 4983030 a multiple of 210?
False
Is 3625216 a multiple of 3136?
True
Does 2854 divide 222852665?
False
Is 438 a factor of 3723764846?
False
Is 124609984 a multiple of 19?
False
Is 206 a factor of 12273471?
False
Is 7884019 even?
False
Does 6 divide 168261287?
False
Is 1933483206 a multiple of 1767?
True
Is 19 a factor of 19185459?
True
Does 3599 divide 1032621481?
True
Is 77757918 a multiple of 375?
False
Is 3467794621 a multiple of 52?
False
Does 9097 divide 1539266982?
True
Does 6 divide 111825246?
True
Does 3 divide 1455855?
True
Is 175380296 a multiple of 238?
True
Does 446 divide 46922322?
True
Is 10 a factor of 135121510?
True
Is 33142901 a multiple of 66?
False
Is 23810648 a multiple of 38?
True
Is 15 a factor of 109953062?
False
Is 17 a factor of 9022851133?
True
Is 172643420 a multiple of 54?
False
Is 55617234 a multiple of 102?
True
Is 575944999 a multiple of 287?
True
Is 2715 a factor of 335942304?
False
Is 58 a factor of 2617300866?
True
Is 408 a factor of 17837260?
False
Is 126928902 a multiple of 17?
True
Is 6 a factor of 10008300?
True
Does 6 divide 35787766?
False
Does 142 divide 41966826?
False
Is 222 a factor of 1551378?
False
Does 2626 divide 254181044?
True
Does 1279 divide 7207165?
True
Is 16 a factor of 193613808?
True
Is 397392966 a multiple of 354?
True
Is 331779623 a multiple of 1561?
True
Is 707716834 a multiple of 471?
False
Is 1445864800 a multiple of 775?
True
Is 1694692856 a multiple of 65?
False
Is 74334324 a multiple of 1262?
True
Is 3606186 a multiple of 794?
False
Is 20037321 a multiple of 6?
False
Is 216022535 a multiple of 923?
False
Does 19 divide 1238268689?
False
Does 70 divide 7929336?
False
Is 43908851 a multiple of 124?
False
Is 506 a factor of 77652078?
False
Is 3756 a factor of 92142192?
True
Is 70 a factor of 121488850?
True
Is 184718877 a multiple of 89?
True
Is 1308399321 a multiple of 15?
False
Is 221 a factor of 82336223?
False
Is 11 a factor of 669858926?
True
Does 58 divide 18656222?
True
Does 32 divide 722865888?
True
Does 44 divide 938918325?
False
Does 409 divide 195902076?
False
Does 164 divide 16747883?
False
Is 559 a factor of 305492941?
True
Is 8120487 a multiple of 1437?
True
Does 2495 divide 29276330?
True
Is 464895068 a multiple of 121?
True
Does 5 divide 36415550?
True
Is 1938 a factor of 388510860?
True
Is 346 a factor of 471674347?
False
Is 371 a factor of 1655972609?
False
Is 5433 a factor of 1015142779?
False
Is 110559267 a multiple of 61?
True
Is 1077 a factor of 554214669?
False
Is 93524490 a multiple of 135?
True
Does 2 divide 18241106?
True
Is 2184 a factor of 170120496?
True
Is 2717 a factor of 4673240?
True
Is 5 a factor of 25379030?
True
Does 50 divide 197434450?
True
Is 230 a factor of 10667400?
True
Does 62 divide 73153738?
True
Is 121805978 a multiple of 71?
False
Is 25950864 a multiple of 488?
True
Is 62593643 a multiple of 54?
False
Is 265949024 a multiple of 49?
False
Does 106 divide 490045420?
True
Is 16 a factor of 25756453?
False
Is 62883344 a multiple of 640?
False
Is 2043210 a multiple of 1690?
True
Is 214 a factor of 4043616?
False
Does 2 divide 44945089?
False
Is 2 a factor of 108144?
True
Is 24 a factor of 4145712900?
False
Is 998 a factor of 178211862?
True
Does 386 divide 194355246?
True
Is 644 a factor of 116329350?
False
Is 3147829761 a multiple of 3380?
False
Is 14052131 a multiple of 2671?
True
Does 16 divide 2091456?
True
Is 1399686602 a multiple of 166?
True
Does 15 divide 91104253?
False
Is 963 a factor of 884772280?
False
Does 36 divide 41291614?
False
Does 1019 divide 111682400?
True
Does 16 divide 38638272?
True
Does 8 divide 49051736?
True
Is 31 a factor of 1565571?
False
Does 13 divide 122804295?
False
Is 1452 a factor of 52844390?
False
Does 1372 divide 709761668?
True
Is 1539 a factor of 2553598062?
True
Is 91 a factor of 525167494?
False
Is 1018 a factor of 15285270?
True
Is 53 a factor of 25731871?
True
Is 8 a factor of 705345920?
True
Is 5851038 a multiple of 145?
False
Is 8634 a factor of 4641708152?
False
Is 12 a factor of 21161903?
False
Is 6 a factor of 482533740?
True
Is 46649332 a multiple of 76?
True
Does 916 divide 3337208?
False
Does 51 divide 1962302?
False
Is 22022211 a multiple of 18?
False
Does 335 divide 167182755?
True
Does 532 divide 756624408?
False
Is 40763282 a multiple of 81?
False
Is 26135494 a multiple of 298?
True
Is 81786685 a multiple of 825?
False
Is 195478644 a multiple of 70?
False
Is 31206594 a multiple of 34?
True
Is 4 a factor of 31833203?
False
Does 39 divide 99203949?
True
Does 295 divide 69106110?
True
Is 9452 a factor of 1189874472?
True
Does 12 divide 298437180?
True
Is 19 a factor of 57869375?
False
Does 22 divide 831484203?
False
Does 64 divide 406344479?
False
Does 37 divide 8391646?
False
Is 132902637 a multiple of 15?
False
Does 83 divide 3176788895?
True
Is 39992466 a multiple of 219?
True
Is 26013690 a multiple of 21?
False
Is 12 a factor of 117155400?
True
Does 2985 divide 25342626?
False
Is 722479029 a multiple of 66?
False
Is 25 a factor of 1136781379?
False
Is 13957836 a multiple of 25?
False
Is 1834768910 a multiple of 2810?
False
Does 895 divide 1128406155?
True
Is 7785753262 a multiple of 531?
False
Is 47480179 a multiple of 16?
False
Does 17 divide 28658226?
True
Is 6 a factor of 55036701?
False
Does 707 divide 5766999?
True
Is 2618322 a multiple of 186?
True
Does 57 divide 38651376?
False
Is 958659757 a multiple of 677?
True
Does 77 divide 28552816?
False
Is 164002747 a multiple of 208?
False
Is 565799006 a multiple of 334?
True
Is 16860281 a multiple of 281?
True
Does 11 divide 127922245?
True
Is 16467570 a multiple of 210?
True
Is 42855560 a multiple of 8?
True
Is 1450 a factor of 858115394?
False
Is 3014286748 a multiple of 15?
False
Is 25211503 a multiple of 18?
False
Is 179385768 a multiple of 333?
True
Does 14 divide 2127896796?
False
Is 26 a factor of 84351592?
True
Is 1684727228 a multiple of 4122?
False
Does 153 divide 23560470?
True
Is 306650117 a multiple of 5773?
False
Is 111 a factor of 564966115?
False
Is 3418461629 a multiple of 731?
False
Is 8 a factor of 10520080?
True
Is 21 a factor of 592861851?
False
Is 308 a factor of 262643015?
False
Is 468082894 a multiple of 1696?
False
Does 86 divide 1010324388?
True
Is 7 a factor of 435720208?
True
Is 23 a factor of 149615920?
True
Does 1923 divide 2923819581?
True
Does 35 divide 11480350?
True
Is 148 a factor of 171302304?
True
Does 403 divide 33162870?
True
Is 27953430 a multiple of 121?
False
Does 421 divide 296365897?
True
Does 4 divide 46482304?
True
Is 231041150 a multiple of 421?
False
Does 173 divide 183653071?
False
Is 20036372 a multiple of 41?
True
Is 446309910 a multiple of 121?
False
Is 27 a factor of 193831191?
True
Is 1139 a factor of 166943437?
False
Does 511 divide 62459530?
True
Is 909386 a multiple of 64?
False
Does 518 divide 3034964662?
False
Does 4632 divide 193200053?
False
Is 372034823 a multiple of 29?
True
Is 23396217 a multiple of 263?
True
Does 91 divide 3680569620?
True
Does 2 divide 675896961?
False
Is 50297679 a multiple of 481?
False
Is 389545223 a multiple of 17?
False
Is 1002023598 a multiple of 5?
False
Is 3029 a factor of 209644693?
False
Is 564230758 a multiple of 210?
False
Does 3837 divide 146500497?
True
Is 74855484 a multiple of 66?
True
Is 23969519 a multiple of 7?
True
Is 2039201629 a multiple of 106?
False
Is 120 a factor of 41998080?
True
Is 145 a factor of 46606322?
False
Does 33 divide 1352614056?
False
Is 27 a factor of 791409528?
True
Does 10266 divide 1892031082?
False
Does 744 divide 471878496?
False
Is 775897832 a multiple of 19?
True
Is 13577031 a multiple of 1269?
True
Does 167 divide 504756164?
True
Is 507 a factor of 11387210?
False
Is 34 a factor of 26213932?
True
Is 25 a factor of 544939400?
True
Is 45626918 a multiple of 20?
False
Does 20 divide 3595247920?
True
Is 4 a factor of 3843863?
False
Is 164 a factor of 4617029188?
True
Is 1107300780 a multiple of 18?
True
Is 488010840 a multiple of 6780?
True
Is 22 a factor of 171204076?
False
Does 634 divide 52996694?
True
Does 1816 divide 46622946?
False
Does 270 divide 77415750?
True
Does 6259 divide 1445922885?
True
Is 6512064 a multiple of 80?
False
Does 1877 divide 1977197